3692123 a composite number?
False
Is 21235031 composite?
True
Is 4400447 a prime number?
False
Is 786447071 a prime number?
True
Is 18010159 a prime number?
False
Is 316886 prime?
False
Is 1298467 a composite number?
False
Is 21476249 composite?
True
Is 95777833 prime?
True
Is 88485791 composite?
False
Is 2747027 a composite number?
True
Is 3192251 prime?
True
Is 40131727 composite?
True
Is 9633751 composite?
False
Is 5233003 a composite number?
False
Is 2447897 a composite number?
False
Is 12047641 composite?
False
Is 1456381 a prime number?
True
Is 72296999 a prime number?
True
Is 237043 composite?
False
Is 1826657 prime?
False
Is 5969309 composite?
False
Is 6971273 a composite number?
True
Is 117835 a prime number?
False
Is 112494937 composite?
True
Is 107390093 a composite number?
False
Is 18904173 a composite number?
True
Is 23529079 prime?
False
Is 285038753 a composite number?
False
Is 1806391 a prime number?
False
Is 23161843 prime?
False
Is 3213807 prime?
False
Is 15639713 a composite number?
False
Is 51412831 a prime number?
False
Is 33474161 prime?
False
Is 16306141 composite?
True
Is 150724619 composite?
False
Is 13642501 composite?
False
Is 5090209 a prime number?
True
Is 812467 a prime number?
True
Is 10597697 composite?
True
Is 817273 a prime number?
True
Is 712361647 a prime number?
True
Is 26299283 a composite number?
False
Is 7566271 prime?
False
Is 943649 a prime number?
False
Is 412433089 a prime number?
True
Is 1073491 composite?
False
Is 10977971 a composite number?
True
Is 1176733 composite?
True
Is 98029181 a prime number?
True
Is 19843709 prime?
False
Is 25055507 prime?
False
Is 28678387 composite?
False
Is 5626693 a prime number?
True
Is 33695489 a prime number?
False
Is 7792121 a composite number?
False
Is 5858173 prime?
False
Is 668243 a composite number?
False
Is 12208838 composite?
True
Is 6246503 prime?
True
Is 1608401 composite?
False
Is 445419437 a prime number?
False
Is 5952889 composite?
False
Is 87039379 a prime number?
False
Is 1340501 a composite number?
True
Is 101444039 a prime number?
False
Is 13730423 a prime number?
False
Is 1078379 a prime number?
False
Is 7028831 prime?
True
Is 227186189 a prime number?
False
Is 121624021 prime?
True
Is 847339 a prime number?
True
Is 2246641 a composite number?
False
Is 4855613 prime?
False
Is 301663 a composite number?
True
Is 941371 a prime number?
False
Is 79589791 composite?
False
Is 19337881 a composite number?
True
Is 18743041 a prime number?
False
Is 1964243 a composite number?
False
Is 844527 a composite number?
True
Is 4159897 a prime number?
False
Is 35427299 prime?
False
Is 457301939 a composite number?
True
Is 23275643 composite?
False
Is 5141177 prime?
True
Is 7011769 prime?
False
Is 1393793 a prime number?
False
Is 62822141 composite?
True
Is 257099 composite?
False
Is 23886041 prime?
False
Is 255820991 a prime number?
False
Is 2816623 a prime number?
True
Is 11627223 prime?
False
Is 747107 a prime number?
True
Is 61239047 a prime number?
True
Is 243714971 a composite number?
True
Is 1245661 a prime number?
False
Is 17494667 prime?
False
Is 4562233 a composite number?
True
Is 15945109 a prime number?
False
Is 59836411 a prime number?
True
Is 413521 composite?
False
Is 6846803 a prime number?
True
Is 1135858861 a prime number?
True
Is 5238983 prime?
False
Is 146417 a composite number?
False
Is 136504667 a composite number?
True
Is 37786349 a composite number?
False
Is 6430477 a composite number?
False
Is 1114300109 a composite number?
True
Is 535723 composite?
True
Is 10609493 prime?
True
Is 973757 a prime number?
True
Is 22747747 prime?
False
Is 393623981 composite?
False
Is 46957181 composite?
True
Is 21154453 prime?
False
Is 2699447 a prime number?
False
Is 1301099 prime?
True
Is 43653409 a prime number?
True
Is 16047953 a prime number?
True
Is 1326167527 prime?
True
Is 536311 a composite number?
False
Is 5616857 composite?
False
Is 1167965797 a composite number?
False
Is 193614779 composite?
False
Is 1900757 a prime number?
True
Is 1296923 prime?
False
Is 2048797 composite?
False
Is 390057923 a composite number?
False
Is 14762777 a prime number?
False
Is 3286342 composite?
True
Is 8915339 a prime number?
True
Is 106280333 composite?
False
Is 63751603 composite?
False
Is 197585966 prime?
False
Is 214287673 composite?
False
Is 3880231 prime?
False
Is 33733619 a prime number?
True
Is 65895607 a composite number?
False
Is 154455643 a prime number?
True
Is 187728419 composite?
False
Is 688999 prime?
True
Is 1154917 a prime number?
False
Is 9403729 composite?
False
Is 9767123 composite?
True
Is 220250683 a composite number?
True
Is 26103617 prime?
True
Is 870254501 composite?
True
Is 48077291 a prime number?
False
Is 181541 prime?
False
Is 16573981 a composite number?
False
Is 628545597 a prime number?
False
Is 108920041 prime?
True
Is 30752158 a prime number?
False
Is 450757 prime?
False
Is 78260779 a composite number?
False
Is 1030079959 composite?
False
Is 153104527 a prime number?
False
Is 3825457 a prime number?
True
Is 6836307 a composite number?
True
Is 449404147 a prime number?
True
Is 2243617 a prime number?
True
Is 9739669 a prime number?
False
Is 381804763 prime?
False
Is 32224201 a composite number?
False
Is 114064557 composite?
True
Is 51376783 a composite number?
False
Is 135143 a prime number?
False
Is 18951739 composite?
True
Is 7945457 composite?
True
Is 19567001 a composite number?
True
Is 14433157 a prime number?
True
Is 2423999 a composite number?
False
Is 4302691 a prime number?
True
Is 780054047 a prime number?
True
Is 6288823 a composite number?
True
Is 39216343 prime?
False
Is 16083817 composite?
False
Is 23293691 composite?
False
Is 152051 a prime number?
False
Is 59526247 composite?
True
Is 201352495 prime?
False
Is 3846983 composite?
True
Is 45978473 prime?
False
Is 80141 prime?
True
Is 564379 a composite number?
True
Is 125085433 a prime number?
False
Is 31889081 a prime number?
False
Is 6813943 a prime number?
True
Is 516380541 a composite number?
True
Is 1370573 composite?
False
Is 8022667 a composite number?
False
Is 108837539 composite?
False
Is 2952089 a prime number?
False
Is 149858923 prime?
False
Is 244045717 composite?
False
Is 1732183 composite?
True
Is 16485299 composite?
True
Is 12131495 a composite number?
True
Is 74686258 a composite number?
True
Is 3479335 a prime number?
False
Is 201400481 a composite number?
False
Is 1168919 a composite number?
False
Is 1753 prime?
True
Is 6067603 composite?
True
Is 12469883 composite?
False
Is 5378111 composite?
False
Is 76605149 composite?
False
Is 307613 a composite number?
True
Is 69214517 prime?
False
Is 733873711 composite?
False
Is 1685681 a composite number?
False
Is 45288349 composite?
True
Is 6124379 composite?
False
Is 20552683 composite?
False
Is 6669029 a prime number?
True
Is 2487653 prime?
False
Is 285998543 a composite number?
False
Is 112500061 composite?
True
Is 5260799 a composite number?
False
Is 33807877 prime?
False
Is 26303 composite?
True
Is 1809851 composite?
False
Is 345023963 composite?
False
Is 814230167 a prime number?
True
Is 118462819 a prime number?
True
Is 11428649 a composite number?
False
Is 43030783 a prime number?
True
Is 2165379 a prime number?
False
Is 8266933 a prime number?
False
Is 5862071 a prime number?
False
Is 28111709 a composite number?
False
Is 3778213 composite?
False
Is 328352495 prime?
False
Is 65293147 composite?
True
Is 2921077 prime?
False
Is 20691599 composite?
True
Is 50038297 a composite number?
True
Is 944241 prime?
False
Is 200790209 a prime number?
True
Is 955727 a prime number?
True
Is 1033927 a prime number?
True
Is 6617999 a composite number?
True
Is 1983767 a prime number?
True
Is 11753653 a composite number?
False
Is 121378513 a composite number?
False
Is 119610321 composite?
True
Is 1313029 a prime number?
False
Is 84336589 a composite number?
False
Is 6666043 a prime number?
False
Is 2848091 a composite number?
False
Is 497289667 prime?
False
Is 1148039 a prime number?
True
Is 3072065 prime?
False
Is 29550201 a prime number?
False
Is 16274873 composite?
False
Is 5438401 prime?
True
Is 10877369 composite?
True
Is 25227049 prime?
True
Is 2139407 a prime number?
True
Is 209202163 a prime number?
True
Is 73167